+ 521 + -524.
25
Calculate -5 - 7 - (13 + -10 + -9).
-6
Calculate -1 + 2 - (3 + (9 - 6 - 13)).
8
Calculate 5 + (-29 + 7 - -32).
15
Evaluate (0 + -1 - -7) + (3 - (-2 - -9)).
2
2 + 3 + 21 + (-29 - -17)
14
Calculate -55 + 32 - (-19 - -2).
-6
What is -2 + -5 - (-14 - (-2 + 6))?
11
2 + 4 - ((-1 - 9) + 15 + -10)
11
What is -10 + 8 - ((1 - -2) + 7)?
-12
Calculate 2 + -1 - (-43 + 38 + -12).
18
What is the value of -30 + (-2 - (-2 + -17 - (-26 + 19)))?
-20
What is the value of (-7 - (-1 + 1)) + -31 + 36?
-2
Calculate (-2 + 10 - -2) + (-601 - -582).
-9
(4 - -18) + 3 + -1 - (749 - 747)
22
What is the value of -14 - -7 - -9 - (8 + 1 + 2)?
-9
Evaluate 44 - (-31 - (-39 - 33)).
3
Calculate -14 - (15 - (-10 - -52)).
13
What is -10 + -4 + 39 + -21?
4
Calculate (-2 - -1) + 12 + 1 + 146 + -152.
6
5 - (-4 - (-3 - 10)) - (27 - 2)
-29
What is 17 - 24 - -18 - 13?
-2
What is -84 + 59 - (-9 - -4)?
-20
What is the value of 1 + 23 + (237 - 242) + (-12 - -2)?
9
Evaluate (2 - 1) + (-8 - -4) + -231 + 253.
19
What is -15 + 7 - (-2 + -5 - -13)?
-14
Evaluate (-2 - -6 - (1 + -4)) + -15.
-8
What is 8 + -11 + 20 - (25 - -8)?
-16
What is the value of -1 + (22 - ((-12 - -28) + -2 + -6))?
13
Evaluate -22 + 39 - (2 + -1 + 4).
12
Evaluate 14 + -3 + (14 - 18 - -3).
10
Evaluate 2 - -16 - (0 - -11) - (-1 + -2).
10
What is 9 + -8 + 4 + 3 + -2?
6
Calculate -4 - (-8 - 13) - 7.
10
Evaluate -22 - -29 - (5 - 10 - (-39 - 0)).
-27
Evaluate 0 + -23 - (-482 - -469).
-10
What is the value of 8 + -33 - (-22 - -2)?
-5
-7 - (-5 + -3 + -12)
13
Calculate -16 - (-45 + 5 + 7).
17
What is the value of -72 - -27 - (6 + -38)?
-13
(-7 - -8) + 0 + -6
-5
What is 1 - (11 - 1 - (3 - 1)) - -17?
10
What is (-7 - -2) + (-15 - -13) - (1 + 6)?
-14
What is 6 + (4 - 1 - -4) + -31?
-18
What is the value of 4 + 1 - (-24 - -20)?
9
What is the value of (-10 - 4) + (15 - -14)?
15
Calculate -16 + 4 - (3 - 11) - -8 - -24.
28
-43 + 27 - (-15 - (4 + -2 - 6))
-5
What is (-62 - -66) + 12 + (-2 - -4)?
18
Evaluate (-4 - (-6 + (8 - 8)) - 2) + -2.
-2
What is the value of -8 - (7 + (-9 - -6))?
-12
Evaluate (-11 - -2) + 15 + -15 + 7 + 5.
3
What is -55 + 61 + (0 - -2) - (-44 + 47)?
5
37 + -16 - 28 - 9
-16
What is the value of 22 + (6 - 1 - (-161 - -171))?
17
Calculate -282 + 306 - (11 + 1).
12
What is -58 - -60 - (1 - -8)?
-7
-1 + 14 + 82 + -88 + (1 - 4)
4
-9 + 6 + -11 - -13
-1
Evaluate (41 - 23) + (5 + -2 - 8).
13
What is -17 + -8 + (3 - (10 - 16 - -15))?
-31
-11 - -16 - (8 - -10) - -17
4
Calculate 6 + -8 + 7 + -15 - 8.
-18
Evaluate (17 + -7 - 11) + -1 + -7.
-9
Calculate 26 + (-1079 + 1072 - (-2 - 18 - -2)).
37
What is 26 + 9 - 11 - 4?
20
What is 1 + (4 + -10 - 1 - -6 - -15)?
15
Calculate (2 - 5) + (-2 - (9 - 1)).
-13
Calculate -2 + 4 - 5 - (-3 + -14 - -3).
11
Calculate -6 + (10 - (-12 + 25)).
-9
Evaluate 4 + 4 + (-10 - 1).
-3
What is the value of 332 - 379 - (-1 - (3 - -12))?
-31
What is the value of -5 + 3 + 1 + -4 - (-114 - -112)?
-3
Calculate 19 + -43 + 34 + -2.
8
-29 + (-2 - (-10 + -5)) + -8 + -1
-25
Calculate -27 + -1 + 21 + -8.
-15
(39 - (80 - 11)) + 1
-29
-9 + (18 + -4 - 18)
-13
What is (75 - 76) + -2 + 5 - 9?
-7
What is -1 + (-15 - -13) - ((3 - 8) + -2)?
4
What is -32 - -3 - (-70 - -22)?
19
Calculate (-31 - (4 + -24)) + -14.
-25
Evaluate -3 - (7 + -6 - 22 - -10) - 8.
0
96 - 104 - (-7 + 0)
-1
(19 + -14 - 6) + 0 + 13
12
What is (637 - 614) + -1 + 4?
26
Calculate 2 + -39 - (-89 - -67).
-15
What is the value of 361 + -342 - (4 + 2 + (-2 - 0))?
15
Calculate (13 - 31) + (-4 - -50).
28
Calculate 3 + -18 + (-15 - -26).
-4
Evaluate -1 - (-1 - -1 - (3 + -3 - -6)).
5
What is -4 + -10 + 5 + 3 + (-4 - 2)?
-12
-12 - -4 - (-9 + 1 - (-20 + 20))
0
Calculate (2 - 15 - 0) + 10.
-3
Calculate 14 + (6 - 6) + -1 + 1 + -4.
10
What is 8 + -45 + -1 + 17?
-21
What is (-17 - -18) + (-3 - -11)?
9
What is -12 + 3 + 45 + -13?
23
Calculate -4 - (21 + (14 - 24)).
-15
What is the value of 10 + (8 - 5) - 2 - (-10 - -4)?
17
What is the value of -17 + -1 - (-582 - -571)?
-7
Calculate -6 - (-9 + 1 + 7 + 8 + -16).
3
17 + 23 + -43 + -26
-29
What is the value of 2 - (4 - (3 + -6))?
-5
Evaluate -39 - ((62 - 74) + -2 + 2).
-27
(-7 - (-9 + 5) - -8) + 7
12
Calculate 7 + 2 + 2 + -4 + (-5 - 1).
1
(1 - -3 - 16) + 6
-6
What is -15 + (-406 - -412) + 1 + -18?
-26
What is the value of -17 - (-34 + 7) - 18?
-8
Evaluate (-280 - -268) + (20 - -1) + -2.
7
Evaluate -2 + (-2 - -39) + (15 - (8 - -10)).
32
What is 24 + (11 - (49 - 21))?
7
Evaluate -4 + (13 - 12) + 7 + 2 + -5.
1
Evaluate (14 - 22) + -10 - -13.
-5
Evaluate -6 - -9 - -11 - 7 - 39.
-32
4 + 14 + (-26 - -13) + -24
-19
Calculate -42 + (93 - (-43 + 83)).
11
What is the value of -10 + (23 - 15) - (1 + -13)?
10
What is the value of -3 - (18 + -36 - 14) - 7?
22
What is -22 - 12 - (4 + -68)?
30
Evaluate 7 - (1 + 31 - (-3 + 3 - 5)).
-30
Evaluate -24 - (-13 - 0 - (-346 - -347)).
-10
Evaluate 2 + (2 - 1) - (15 + -26 + 22).
-8
Calculate 9 - (-16 + 23 + 0).
2
What is (23 - -16 - 17) + -5?
17
What is the value of (-33 - -36) + 7 + -1 - 20?
-11
What is the value of 18 + 3 + (-1 - (5 - -3))?
12
Calculate 39 + -37 + (2 - (2 + 3)) - 6.
-7
What is 0 + -1 + -2 - ((33 - 48) + -6)?
18
What is the value of 1 + (-43 + 1 - (-1 + (0 - 8)))?
-32
2 - 6 - (5 + (-2 - 15) + 2)
6
What is the value of (8 - -3) + -21 + 19 + 1?
10
What is the value of -1 + 17 - (25 - (14 - -8) - -7)?
6
Evaluate -11 + 8 + -3 - -16 - (0 - -20).
-10
What is (-11 - -11) + (2 - 4) - -1?
-1
Calculate 0 + 41 + -905 + 890.
26
Calculate (-4 - -12 - -2) + -7 + -6.
-3
Evaluate (-6 - (28 + -64)) + -36.
-6
What is -2 - (7 - -20 - 8)?
-21
What is the value of 2 + 0 + 7 - (-17 + 8 + -5)?
23
Calculate 1 + -2 + -5 - -2.
-4
Calculate -12 + (26 - -8) + -54.
-32
(-15 - (2 + 5 + -13)) + -11 + 5
-15
What is the value of 5 + (-35 - (9 - (14 + 8)))?
-17
Evaluate 28 + -10 + -6 + 3 + 2.
17
-473 - -541 - (-3 - -43)
28
Evaluate (12 - 1 - 8) + -7.
-4
Calculate 19 + 2 + (17 - (8 - (-2 + 0))).
28
What is the value of (-5 - (8 + -7 + -8 + 7)) + -12?
-17
What is the value of -10 - (-80 - -38 - -55)?
-23
What is the value of -16 - (8 - -22 - 13 - 2)?
-31
13 - (-28 + 35 + -16)
22
Evaluate -2 - (25 + (-49 - -26)).
-4
Calculate (1 - 6 - (4 + -15 + 10)) + 6.
2
Evaluate (-61 - -29) + 41 + (2 - 1 - 29).
-19
(12 - -7) + -9 + -10
0
What is -24 + 73 + -19 + -28?
2
Calculate -1 + -8 - (19 + -15 + (5 - 7)).
-11
Evaluate 6 - -3 - ((7 - (7 - 9)) + 21).
-21
What is 21 + (-4 + 5 - ((2 - -7) + -9))?
22
Evaluate -5 - (-8 - -3) - (-5 - (3 - -9)).
17
What is the value of -2 + 0 - 2 - (35 + -36)?
-3
What is 13 + -7 + 4 + (-2 - 15)?
-7
What is (-27 - 3) + 4 - -3 - (-80 - -78)?
-21
What is the value of -369 + 352 - (-3 - (1 - 1))?
-14
Calculate 11 + ((12 - 10) + 10 - 16).
7
What is the value of (2 + 1 + -7 - (-20 - -17)) + -1?
-2
What is 2 + -6 - (3 + -8 - 8)?
9
Evaluate (-23 - -62 - 41) + -16.
-18
What is 27 + -14 + (-16 - 13)?
-16
7 - (6 + (10 + 0 - 21))
12
What is the value of (35 - (2 - -40)) + (1 - -18)?
12
What is the value of 3 + 15 + -74 + 40?
-16
Evaluate 1 + (-14 - (19 + -16 + -3)).
-13
What is the value of 11 - (15 - 17) - 16?
-3
(0 - -1) + 3 - (3 - (9 - 2))
8
Calculate (0 - 2) + -1666 + 1667.
-1
6 + -5 - (0 + (1 - 5) + -5)
10
What is the value of (6 - (-8 + 9)) + -2 + -17?
-14
Calculate -5 + 6 - -3 - (14 + -40 + 18).
12
22 - (29 - 48) - 18
23
What is -7 + -5 + -2 - (7 + -12)?
-9
5 + -4 + -17 + (-9 - -6 - -7)
-12
What is -5 - ((-9 - -12) + 19)?
-27
Evaluate (-6 - 0 - -1 - (116 + -112)) + 10.
1
What is the value of 21 + 1 + -164 + 154?
12
Calculate -2 + 2 - ((8 - 10) + 5).
-3
What is (-1 - 17 - -10 - (1 - -3)) + -25?
-37
Calculate 1942 + -1944 - (-1 + 0 + 1 + 0).
-2
4 + 5 + (20 - 15) - 11
3
Calculate 2 - 1 - ((12 - 22) + 11).
0
Calculate (-2264 - -2187) + (1 - -44).
-32
Evaluate -4 - (-3 - -11) - ((-4 - 1) + 2).
-9
Calculate (-111 - -121) + -26 + (0 - (6 - 5)).
-17
Evaluate (-5 - -7) + -3 + (94 - 86).
7
What is the value of (1 + 5 - -10) + -22?
-6
Calculate 0 + 6 - (40 - 39) - 13.
-8
Evaluate -26 - -32 - (0 + -6 + 4).
8
-5 + -2 - (-34 - (-8 + -15))
4
-19 + 2 - (121 + -129)
-9
What is -1 + 9 + -7 + 6 + 5?
12
Evaluate ((7 - 19) + 8 - 20) + 7.
-17
2 - (-3 - (-21 + 9))
-7
Calculate 41 + -6 + -12 + (-18 - -20).
25
What is the value of -23 + -4 + 18 + -11 - -10?
-10
Evaluate (-5 - -25) + -20 - (-35 + 0 - -1).
34
Evaluat